{"id":1999,"date":"2024-05-14T12:19:10","date_gmt":"2024-05-14T10:19:10","guid":{"rendered":"https:\/\/audreydeprez.be\/?page_id=1999"},"modified":"2025-03-18T16:05:59","modified_gmt":"2025-03-18T15:05:59","slug":"a-propos","status":"publish","type":"page","link":"https:\/\/audreydeprez.be\/en\/a-propos\/","title":{"rendered":"About"},"content":{"rendered":"<div data-elementor-type=\"wp-page\" data-elementor-id=\"1999\" class=\"elementor elementor-1999\" data-elementor-post-type=\"page\">\n\t\t\t\t\t\t<section class=\"elementor-section elementor-top-section elementor-element elementor-element-e96fa0f elementor-section-boxed elementor-section-height-default elementor-section-height-default\" data-id=\"e96fa0f\" data-element_type=\"section\" data-e-type=\"section\" data-settings=\"{&quot;background_background&quot;:&quot;gradient&quot;}\">\n\t\t\t\t\t\t<div class=\"elementor-container elementor-column-gap-default\">\n\t\t\t\t\t<div class=\"elementor-column elementor-col-50 elementor-top-column elementor-element elementor-element-e17a4de\" data-id=\"e17a4de\" data-element_type=\"column\" data-e-type=\"column\">\n\t\t\t<div class=\"elementor-widget-wrap elementor-element-populated\">\n\t\t\t\t\t\t<div class=\"elementor-element elementor-element-32b1727 elementor-widget elementor-widget-heading\" data-id=\"32b1727\" data-element_type=\"widget\" data-e-type=\"widget\" data-widget_type=\"heading.default\">\n\t\t\t\t<div class=\"elementor-widget-container\">\n\t\t\t\t\t<h1 class=\"elementor-heading-title elementor-size-default\">About<\/h1>\t\t\t\t<\/div>\n\t\t\t\t<\/div>\n\t\t\t\t<div class=\"elementor-element elementor-element-b7cf385 elementor-widget elementor-widget-text-editor\" data-id=\"b7cf385\" data-element_type=\"widget\" data-e-type=\"widget\" data-widget_type=\"text-editor.default\">\n\t\t\t\t<div class=\"elementor-widget-container\">\n\t\t\t\t\t\t\t\t\t<p>My name is Audrey Deprez and I'm a Web and UX Designer located in Brussels.<\/p><p>I have specialized in Web Design since 2016 and completed my UX Design training in January 2024 to obtain certification. I also launched my freelance web project business in January.<\/p><p>I now work at Opengraphy, a top-tier web agency in Brussels (Plasky). Feel free to contact us to discuss your web project. We specialize in website design and digital strategy!<\/p>\t\t\t\t\t\t\t\t<\/div>\n\t\t\t\t<\/div>\n\t\t\t\t<div class=\"elementor-element elementor-element-f252863 elementor-widget elementor-widget-image\" data-id=\"f252863\" data-element_type=\"widget\" data-e-type=\"widget\" data-widget_type=\"image.default\">\n\t\t\t\t<div class=\"elementor-widget-container\">\n\t\t\t\t\t\t\t\t\t\t\t\t\t\t\t<img decoding=\"async\" src=\"https:\/\/audreydeprez.be\/wp-content\/uploads\/elementor\/thumbs\/unicorn-2-rlc7asx50xf2dd3l7t6wp8tm1v2kum31e56uhqjjvc.webp\" title=\"Icone de licorne\" alt=\"Icone de licorne aux couleurs de mon agence web\" loading=\"lazy\" \/>\t\t\t\t\t\t\t\t\t\t\t\t\t\t\t<\/div>\n\t\t\t\t<\/div>\n\t\t\t\t\t<\/div>\n\t\t<\/div>\n\t\t\t\t<div class=\"elementor-column elementor-col-50 elementor-top-column elementor-element elementor-element-ac4dfcf\" data-id=\"ac4dfcf\" data-element_type=\"column\" data-e-type=\"column\">\n\t\t\t<div class=\"elementor-widget-wrap elementor-element-populated\">\n\t\t\t\t\t\t<div class=\"elementor-element elementor-element-c25692e elementor-widget elementor-widget-image\" data-id=\"c25692e\" data-element_type=\"widget\" data-e-type=\"widget\" data-widget_type=\"image.default\">\n\t\t\t\t<div class=\"elementor-widget-container\">\n\t\t\t\t\t\t\t\t\t\t\t\t\t\t\t<img decoding=\"async\" src=\"https:\/\/audreydeprez.be\/wp-content\/uploads\/elementor\/thumbs\/Audrey-1-rlc77dshje9j3q8kf6ercg2jmtcixwkpxtl1h8tvo0.webp\" title=\"Audrey Deprez chez Opengraphy, agence web \u00e0 Bruxelles\" alt=\"Audrey Deprez, UX Designer chez Opengraphy, votre agence web experte en SEO \u00e0 Bruxelles\" loading=\"lazy\" \/>\t\t\t\t\t\t\t\t\t\t\t\t\t\t\t<\/div>\n\t\t\t\t<\/div>\n\t\t\t\t\t<\/div>\n\t\t<\/div>\n\t\t\t\t\t<\/div>\n\t\t<\/section>\n\t\t\t\t<section class=\"elementor-section elementor-top-section elementor-element elementor-element-17dc3ec elementor-section-height-min-height elementor-section-boxed elementor-section-height-default elementor-section-items-middle\" data-id=\"17dc3ec\" data-element_type=\"section\" data-e-type=\"section\" data-settings=\"{&quot;background_background&quot;:&quot;gradient&quot;}\">\n\t\t\t\t\t\t<div class=\"elementor-container elementor-column-gap-default\">\n\t\t\t\t\t<div class=\"elementor-column elementor-col-100 elementor-top-column elementor-element elementor-element-1160ab6\" data-id=\"1160ab6\" data-element_type=\"column\" data-e-type=\"column\">\n\t\t\t<div class=\"elementor-widget-wrap elementor-element-populated\">\n\t\t\t\t\t\t<div class=\"elementor-element elementor-element-8b499b1 elementor-widget elementor-widget-heading\" data-id=\"8b499b1\" data-element_type=\"widget\" data-e-type=\"widget\" data-widget_type=\"heading.default\">\n\t\t\t\t<div class=\"elementor-widget-container\">\n\t\t\t\t\t<h2 class=\"elementor-heading-title elementor-size-default\">As a solar and creative user experience designer, I dream of spending my life transforming your digital products into effective and indispensable tools (on a sunny island).<\/h2>\t\t\t\t<\/div>\n\t\t\t\t<\/div>\n\t\t\t\t\t<\/div>\n\t\t<\/div>\n\t\t\t\t\t<\/div>\n\t\t<\/section>\n\t\t\t\t<section class=\"elementor-section elementor-top-section elementor-element elementor-element-d1ce74e elementor-section-boxed elementor-section-height-default elementor-section-height-default\" data-id=\"d1ce74e\" data-element_type=\"section\" data-e-type=\"section\" data-settings=\"{&quot;background_background&quot;:&quot;classic&quot;}\">\n\t\t\t\t\t\t<div class=\"elementor-container elementor-column-gap-default\">\n\t\t\t\t\t<div class=\"elementor-column elementor-col-50 elementor-top-column elementor-element elementor-element-0213aac\" data-id=\"0213aac\" data-element_type=\"column\" data-e-type=\"column\">\n\t\t\t<div class=\"elementor-widget-wrap elementor-element-populated\">\n\t\t\t\t\t\t<div class=\"elementor-element elementor-element-dace801 elementor-widget elementor-widget-heading\" data-id=\"dace801\" data-element_type=\"widget\" data-e-type=\"widget\" data-widget_type=\"heading.default\">\n\t\t\t\t<div class=\"elementor-widget-container\">\n\t\t\t\t\t<h4 class=\"elementor-heading-title elementor-size-default\">We could work together.<\/h4>\t\t\t\t<\/div>\n\t\t\t\t<\/div>\n\t\t\t\t\t<\/div>\n\t\t<\/div>\n\t\t\t\t<div class=\"elementor-column elementor-col-50 elementor-top-column elementor-element elementor-element-b4ea20d\" data-id=\"b4ea20d\" data-element_type=\"column\" data-e-type=\"column\">\n\t\t\t<div class=\"elementor-widget-wrap elementor-element-populated\">\n\t\t\t\t\t\t<div class=\"elementor-element elementor-element-faedff2 elementor-widget elementor-widget-button\" data-id=\"faedff2\" data-element_type=\"widget\" data-e-type=\"widget\" data-widget_type=\"button.default\">\n\t\t\t\t<div class=\"elementor-widget-container\">\n\t\t\t\t\t\t\t\t\t<div class=\"elementor-button-wrapper\">\n\t\t\t\t\t<a class=\"elementor-button elementor-button-link elementor-size-sm\" href=\"https:\/\/audreydeprez.be\/en\/contact\/\">\n\t\t\t\t\t\t<span class=\"elementor-button-content-wrapper\">\n\t\t\t\t\t\t\t\t\t<span class=\"elementor-button-text\">Ok let's work together!<\/span>\n\t\t\t\t\t<\/span>\n\t\t\t\t\t<\/a>\n\t\t\t\t<\/div>\n\t\t\t\t\t\t\t\t<\/div>\n\t\t\t\t<\/div>\n\t\t\t\t\t<\/div>\n\t\t<\/div>\n\t\t\t\t\t<\/div>\n\t\t<\/section>\n\t\t\t\t<\/div>","protected":false},"excerpt":{"rendered":"<p>\u00c0 propos Je m&rsquo;appelle Audrey Deprez et je suis une Web et UX Designer situ\u00e9e \u00e0 Bruxelles. Je suis sp\u00e9cialis\u00e9e en Web Design depuis 2016 et j&rsquo;ai fini ma formation en UX Design en janvier 2024 afin d&rsquo;obtenir une certification. J&rsquo;ai \u00e9galement lanc\u00e9 mon activit\u00e9 compl\u00e9mentaire en janvier afin de r\u00e9aliser des projets web en [&hellip;]<\/p>\n","protected":false},"author":1,"featured_media":932,"parent":0,"menu_order":0,"comment_status":"closed","ping_status":"closed","template":"elementor_header_footer","meta":{"_monsterinsights_skip_tracking":false,"_monsterinsights_sitenote_active":false,"_monsterinsights_sitenote_note":"","_monsterinsights_sitenote_category":0,"footnotes":""},"class_list":["post-1999","page","type-page","status-publish","has-post-thumbnail","hentry"],"aioseo_notices":[],"_links":{"self":[{"href":"https:\/\/audreydeprez.be\/en\/wp-json\/wp\/v2\/pages\/1999","targetHints":{"allow":["GET"]}}],"collection":[{"href":"https:\/\/audreydeprez.be\/en\/wp-json\/wp\/v2\/pages"}],"about":[{"href":"https:\/\/audreydeprez.be\/en\/wp-json\/wp\/v2\/types\/page"}],"author":[{"embeddable":true,"href":"https:\/\/audreydeprez.be\/en\/wp-json\/wp\/v2\/users\/1"}],"replies":[{"embeddable":true,"href":"https:\/\/audreydeprez.be\/en\/wp-json\/wp\/v2\/comments?post=1999"}],"version-history":[{"count":250,"href":"https:\/\/audreydeprez.be\/en\/wp-json\/wp\/v2\/pages\/1999\/revisions"}],"predecessor-version":[{"id":3441,"href":"https:\/\/audreydeprez.be\/en\/wp-json\/wp\/v2\/pages\/1999\/revisions\/3441"}],"wp:featuredmedia":[{"embeddable":true,"href":"https:\/\/audreydeprez.be\/en\/wp-json\/wp\/v2\/media\/932"}],"wp:attachment":[{"href":"https:\/\/audreydeprez.be\/en\/wp-json\/wp\/v2\/media?parent=1999"}],"curies":[{"name":"wp","href":"https:\/\/api.w.org\/{rel}","templated":true}]}}

<div data-elementor-type="wp-page" data-elementor-id="1999" class="elementor elementor-1999" data-elementor-post-type="page">
						<section class="elementor-section elementor-top-section elementor-element elementor-element-e96fa0f elementor-section-boxed elementor-section-height-default elementor-section-height-default" data-id="e96fa0f" data-element_type="section" data-e-type="section" data-settings="{&quot;background_background&quot;:&quot;gradient&quot;}">
						<div class="elementor-container elementor-column-gap-default">
					<div class="elementor-column elementor-col-50 elementor-top-column elementor-element elementor-element-e17a4de" data-id="e17a4de" data-element_type="column" data-e-type="column">
			<div class="elementor-widget-wrap elementor-element-populated">
						<div class="elementor-element elementor-element-32b1727 elementor-widget elementor-widget-heading" data-id="32b1727" data-element_type="widget" data-e-type="widget" data-widget_type="heading.default">
				<div class="elementor-widget-container">
					<h1 class="elementor-heading-title elementor-size-default">About</h1>				</div>
				</div>
				<div class="elementor-element elementor-element-b7cf385 elementor-widget elementor-widget-text-editor" data-id="b7cf385" data-element_type="widget" data-e-type="widget" data-widget_type="text-editor.default">
				<div class="elementor-widget-container">
									<p>My name is Audrey Deprez and I'm a Web and UX Designer located in Brussels.</p><p>I have specialized in Web Design since 2016 and completed my UX Design training in January 2024 to obtain certification. I also launched my freelance web project business in January.</p><p>I now work at Opengraphy, a top-tier web agency in Brussels (Plasky). Feel free to contact us to discuss your web project. We specialize in website design and digital strategy!</p>								</div>
				</div>
				<div class="elementor-element elementor-element-f252863 elementor-widget elementor-widget-image" data-id="f252863" data-element_type="widget" data-e-type="widget" data-widget_type="image.default">
				<div class="elementor-widget-container">
															<img decoding="async" src="https://audreydeprez.be/wp-content/uploads/elementor/thumbs/unicorn-2-rlc7asx50xf2dd3l7t6wp8tm1v2kum31e56uhqjjvc.webp" title="Icone de licorne" alt="Icone de licorne aux couleurs de mon agence web" loading="lazy" />															</div>
				</div>
					</div>
		</div>
				<div class="elementor-column elementor-col-50 elementor-top-column elementor-element elementor-element-ac4dfcf" data-id="ac4dfcf" data-element_type="column" data-e-type="column">
			<div class="elementor-widget-wrap elementor-element-populated">
						<div class="elementor-element elementor-element-c25692e elementor-widget elementor-widget-image" data-id="c25692e" data-element_type="widget" data-e-type="widget" data-widget_type="image.default">
				<div class="elementor-widget-container">
															<img decoding="async" src="https://audreydeprez.be/wp-content/uploads/elementor/thumbs/Audrey-1-rlc77dshje9j3q8kf6ercg2jmtcixwkpxtl1h8tvo0.webp" title="Audrey Deprez chez Opengraphy, agence web à Bruxelles" alt="Audrey Deprez, UX Designer chez Opengraphy, votre agence web experte en SEO à Bruxelles" loading="lazy" />															</div>
				</div>
					</div>
		</div>
					</div>
		</section>
				<section class="elementor-section elementor-top-section elementor-element elementor-element-17dc3ec elementor-section-height-min-height elementor-section-boxed elementor-section-height-default elementor-section-items-middle" data-id="17dc3ec" data-element_type="section" data-e-type="section" data-settings="{&quot;background_background&quot;:&quot;gradient&quot;}">
						<div class="elementor-container elementor-column-gap-default">
					<div class="elementor-column elementor-col-100 elementor-top-column elementor-element elementor-element-1160ab6" data-id="1160ab6" data-element_type="column" data-e-type="column">
			<div class="elementor-widget-wrap elementor-element-populated">
						<div class="elementor-element elementor-element-8b499b1 elementor-widget elementor-widget-heading" data-id="8b499b1" data-element_type="widget" data-e-type="widget" data-widget_type="heading.default">
				<div class="elementor-widget-container">
					<h2 class="elementor-heading-title elementor-size-default">As a solar and creative user experience designer, I dream of spending my life transforming your digital products into effective and indispensable tools (on a sunny island).</h2>				</div>
				</div>
					</div>
		</div>
					</div>
		</section>
				<section class="elementor-section elementor-top-section elementor-element elementor-element-d1ce74e elementor-section-boxed elementor-section-height-default elementor-section-height-default" data-id="d1ce74e" data-element_type="section" data-e-type="section" data-settings="{&quot;background_background&quot;:&quot;classic&quot;}">
						<div class="elementor-container elementor-column-gap-default">
					<div class="elementor-column elementor-col-50 elementor-top-column elementor-element elementor-element-0213aac" data-id="0213aac" data-element_type="column" data-e-type="column">
			<div class="elementor-widget-wrap elementor-element-populated">
						<div class="elementor-element elementor-element-dace801 elementor-widget elementor-widget-heading" data-id="dace801" data-element_type="widget" data-e-type="widget" data-widget_type="heading.default">
				<div class="elementor-widget-container">
					<h4 class="elementor-heading-title elementor-size-default">We could work together.</h4>				</div>
				</div>
					</div>
		</div>
				<div class="elementor-column elementor-col-50 elementor-top-column elementor-element elementor-element-b4ea20d" data-id="b4ea20d" data-element_type="column" data-e-type="column">
			<div class="elementor-widget-wrap elementor-element-populated">
						<div class="elementor-element elementor-element-faedff2 elementor-widget elementor-widget-button" data-id="faedff2" data-element_type="widget" data-e-type="widget" data-widget_type="button.default">
				<div class="elementor-widget-container">
									<div class="elementor-button-wrapper">
					<a class="elementor-button elementor-button-link elementor-size-sm" href="https://audreydeprez.be/en/contact/">
						<span class="elementor-button-content-wrapper">
									<span class="elementor-button-text">Ok let's work together!</span>
					</span>
					</a>
				</div>
								</div>
				</div>
					</div>
		</div>
					</div>
		</section>
				</div>

<p>À propos Je m&rsquo;appelle Audrey Deprez et je suis une Web et UX Designer située à Bruxelles. Je suis spécialisée en Web Design depuis 2016 et j&rsquo;ai fini ma formation en UX Design en janvier 2024 afin d&rsquo;obtenir une certification. J&rsquo;ai également lancé mon activité complémentaire en janvier afin de réaliser des projets web en [&hellip;]</p>
